{"id":2,"date":"2024-06-27T11:39:03","date_gmt":"2024-06-27T14:39:03","guid":{"rendered":"https:\/\/hotmilk.com.br\/toolbox\/?page_id=2"},"modified":"2024-10-04T11:40:19","modified_gmt":"2024-10-04T14:40:19","slug":"conteudo-privado","status":"publish","type":"page","link":"https:\/\/hotmilk.com.br\/toolbox\/conteudo-privado\/","title":{"rendered":"Conte\u00fado privado"},"content":{"rendered":"","protected":false},"excerpt":{"rendered":"","protected":false},"author":2,"featured_media":0,"parent":0,"menu_order":2,"comment_status":"closed","ping_status":"closed","template":"page_privado.php","meta":{"inline_featured_image":false,"footnotes":""},"class_list":["post-2","page","type-page","status-publish","hentry"],"yoast_head":"<!-- This site is optimized with the Yoast SEO plugin v27.4 - https:\/\/yoast.com\/product\/yoast-seo-wordpress\/ -->\n<title>Conte\u00fado privado - Innovation Toolbox<\/title>\n<meta name=\"description\" content=\"Acesse conte\u00fados exclusivos e mais de 80 ferramentas de inova\u00e7\u00e3o, com o Innovation Toolbox do HOTMILK PUCPR.\" \/>\n<meta name=\"robots\" content=\"index, follow, max-snippet:-1, max-image-preview:large, max-video-preview:-1\" \/>\n<link rel=\"canonical\" href=\"https:\/\/hotmilk.com.br\/toolbox\/conteudo-privado\/\" \/>\n<meta property=\"og:locale\" content=\"pt_BR\" \/>\n<meta property=\"og:type\" content=\"article\" \/>\n<meta property=\"og:title\" content=\"Conte\u00fado privado - Innovation Toolbox\" \/>\n<meta property=\"og:description\" content=\"Acesse conte\u00fados exclusivos e mais de 80 ferramentas de inova\u00e7\u00e3o, com o Innovation Toolbox do HOTMILK PUCPR.\" \/>\n<meta property=\"og:url\" content=\"https:\/\/hotmilk.com.br\/toolbox\/conteudo-privado\/\" \/>\n<meta property=\"og:site_name\" content=\"Innovation Toolbox\" \/>\n<meta property=\"article:modified_time\" content=\"2024-10-04T14:40:19+00:00\" \/>\n<meta name=\"twitter:card\" content=\"summary_large_image\" \/>\n<script type=\"application\/ld+json\" class=\"yoast-schema-graph\">{\"@context\":\"https:\\\/\\\/schema.org\",\"@graph\":[{\"@type\":\"WebPage\",\"@id\":\"https:\\\/\\\/hotmilk.com.br\\\/toolbox\\\/conteudo-privado\\\/\",\"url\":\"https:\\\/\\\/hotmilk.com.br\\\/toolbox\\\/conteudo-privado\\\/\",\"name\":\"Conte\u00fado privado - Innovation Toolbox\",\"isPartOf\":{\"@id\":\"https:\\\/\\\/hotmilk.com.br\\\/toolbox\\\/#website\"},\"datePublished\":\"2024-06-27T14:39:03+00:00\",\"dateModified\":\"2024-10-04T14:40:19+00:00\",\"description\":\"Acesse conte\u00fados exclusivos e mais de 80 ferramentas de inova\u00e7\u00e3o, com o Innovation Toolbox do HOTMILK PUCPR.\",\"breadcrumb\":{\"@id\":\"https:\\\/\\\/hotmilk.com.br\\\/toolbox\\\/conteudo-privado\\\/#breadcrumb\"},\"inLanguage\":\"pt-BR\",\"potentialAction\":[{\"@type\":\"ReadAction\",\"target\":[\"https:\\\/\\\/hotmilk.com.br\\\/toolbox\\\/conteudo-privado\\\/\"]}]},{\"@type\":\"BreadcrumbList\",\"@id\":\"https:\\\/\\\/hotmilk.com.br\\\/toolbox\\\/conteudo-privado\\\/#breadcrumb\",\"itemListElement\":[{\"@type\":\"ListItem\",\"position\":1,\"name\":\"In\u00edcio\",\"item\":\"https:\\\/\\\/hotmilk.com.br\\\/toolbox\\\/\"},{\"@type\":\"ListItem\",\"position\":2,\"name\":\"Conte\u00fado privado\"}]},{\"@type\":\"WebSite\",\"@id\":\"https:\\\/\\\/hotmilk.com.br\\\/toolbox\\\/#website\",\"url\":\"https:\\\/\\\/hotmilk.com.br\\\/toolbox\\\/\",\"name\":\"Innovation Toolbox\",\"description\":\"M\u00e9todos e ferramentas gratuitas de inova\u00e7\u00e3o com a curadoria do HOTMILK PUCPR\",\"potentialAction\":[{\"@type\":\"SearchAction\",\"target\":{\"@type\":\"EntryPoint\",\"urlTemplate\":\"https:\\\/\\\/hotmilk.com.br\\\/toolbox\\\/?s={search_term_string}\"},\"query-input\":{\"@type\":\"PropertyValueSpecification\",\"valueRequired\":true,\"valueName\":\"search_term_string\"}}],\"inLanguage\":\"pt-BR\"}]}<\/script>\n<!-- \/ Yoast SEO plugin. -->","yoast_head_json":{"title":"Conte\u00fado privado - Innovation Toolbox","description":"Acesse conte\u00fados exclusivos e mais de 80 ferramentas de inova\u00e7\u00e3o, com o Innovation Toolbox do HOTMILK PUCPR.","robots":{"index":"index","follow":"follow","max-snippet":"max-snippet:-1","max-image-preview":"max-image-preview:large","max-video-preview":"max-video-preview:-1"},"canonical":"https:\/\/hotmilk.com.br\/toolbox\/conteudo-privado\/","og_locale":"pt_BR","og_type":"article","og_title":"Conte\u00fado privado - Innovation Toolbox","og_description":"Acesse conte\u00fados exclusivos e mais de 80 ferramentas de inova\u00e7\u00e3o, com o Innovation Toolbox do HOTMILK PUCPR.","og_url":"https:\/\/hotmilk.com.br\/toolbox\/conteudo-privado\/","og_site_name":"Innovation Toolbox","article_modified_time":"2024-10-04T14:40:19+00:00","twitter_card":"summary_large_image","schema":{"@context":"https:\/\/schema.org","@graph":[{"@type":"WebPage","@id":"https:\/\/hotmilk.com.br\/toolbox\/conteudo-privado\/","url":"https:\/\/hotmilk.com.br\/toolbox\/conteudo-privado\/","name":"Conte\u00fado privado - Innovation Toolbox","isPartOf":{"@id":"https:\/\/hotmilk.com.br\/toolbox\/#website"},"datePublished":"2024-06-27T14:39:03+00:00","dateModified":"2024-10-04T14:40:19+00:00","description":"Acesse conte\u00fados exclusivos e mais de 80 ferramentas de inova\u00e7\u00e3o, com o Innovation Toolbox do HOTMILK PUCPR.","breadcrumb":{"@id":"https:\/\/hotmilk.com.br\/toolbox\/conteudo-privado\/#breadcrumb"},"inLanguage":"pt-BR","potentialAction":[{"@type":"ReadAction","target":["https:\/\/hotmilk.com.br\/toolbox\/conteudo-privado\/"]}]},{"@type":"BreadcrumbList","@id":"https:\/\/hotmilk.com.br\/toolbox\/conteudo-privado\/#breadcrumb","itemListElement":[{"@type":"ListItem","position":1,"name":"In\u00edcio","item":"https:\/\/hotmilk.com.br\/toolbox\/"},{"@type":"ListItem","position":2,"name":"Conte\u00fado privado"}]},{"@type":"WebSite","@id":"https:\/\/hotmilk.com.br\/toolbox\/#website","url":"https:\/\/hotmilk.com.br\/toolbox\/","name":"Innovation Toolbox","description":"M\u00e9todos e ferramentas gratuitas de inova\u00e7\u00e3o com a curadoria do HOTMILK PUCPR","potentialAction":[{"@type":"SearchAction","target":{"@type":"EntryPoint","urlTemplate":"https:\/\/hotmilk.com.br\/toolbox\/?s={search_term_string}"},"query-input":{"@type":"PropertyValueSpecification","valueRequired":true,"valueName":"search_term_string"}}],"inLanguage":"pt-BR"}]}},"_links":{"self":[{"href":"https:\/\/hotmilk.com.br\/toolbox\/wp-json\/wp\/v2\/pages\/2","targetHints":{"allow":["GET"]}}],"collection":[{"href":"https:\/\/hotmilk.com.br\/toolbox\/wp-json\/wp\/v2\/pages"}],"about":[{"href":"https:\/\/hotmilk.com.br\/toolbox\/wp-json\/wp\/v2\/types\/page"}],"author":[{"embeddable":true,"href":"https:\/\/hotmilk.com.br\/toolbox\/wp-json\/wp\/v2\/users\/2"}],"replies":[{"embeddable":true,"href":"https:\/\/hotmilk.com.br\/toolbox\/wp-json\/wp\/v2\/comments?post=2"}],"version-history":[{"count":15,"href":"https:\/\/hotmilk.com.br\/toolbox\/wp-json\/wp\/v2\/pages\/2\/revisions"}],"predecessor-version":[{"id":1538,"href":"https:\/\/hotmilk.com.br\/toolbox\/wp-json\/wp\/v2\/pages\/2\/revisions\/1538"}],"wp:attachment":[{"href":"https:\/\/hotmilk.com.br\/toolbox\/wp-json\/wp\/v2\/media?parent=2"}],"curies":[{"name":"wp","href":"https:\/\/api.w.org\/{rel}","templated":true}]}}