{"id":1267,"date":"2024-08-02T16:53:12","date_gmt":"2024-08-02T19:53:12","guid":{"rendered":"https:\/\/hotmilk.com.br\/toolbox\/?page_id=1267"},"modified":"2025-09-04T17:19:13","modified_gmt":"2025-09-04T20:19:13","slug":"contato","status":"publish","type":"page","link":"https:\/\/hotmilk.com.br\/toolbox\/contato\/","title":{"rendered":"Contato"},"content":{"rendered":"","protected":false},"excerpt":{"rendered":"","protected":false},"author":2,"featured_media":0,"parent":0,"menu_order":3,"comment_status":"closed","ping_status":"closed","template":"page_contato.php","meta":{"inline_featured_image":false,"footnotes":""},"class_list":["post-1267","page","type-page","status-publish","hentry"],"yoast_head":"<!-- This site is optimized with the Yoast SEO plugin v27.4 - https:\/\/yoast.com\/product\/yoast-seo-wordpress\/ -->\n<title>Contato - Innovation Toolbox<\/title>\n<meta name=\"description\" content=\"Entre em contato conosco e descubra como o Innovation Toolbox pode ajudar sua empresa. Fale com nossos especialistas e obtenha suporte personalizado para sua jornada.\" \/>\n<meta name=\"robots\" content=\"index, follow, max-snippet:-1, max-image-preview:large, max-video-preview:-1\" \/>\n<link rel=\"canonical\" href=\"https:\/\/hotmilk.com.br\/toolbox\/contato\/\" \/>\n<meta property=\"og:locale\" content=\"pt_BR\" \/>\n<meta property=\"og:type\" content=\"article\" \/>\n<meta property=\"og:title\" content=\"Contato - Innovation Toolbox\" \/>\n<meta property=\"og:description\" content=\"Entre em contato conosco e descubra como o Innovation Toolbox pode ajudar sua empresa. Fale com nossos especialistas e obtenha suporte personalizado para sua jornada.\" \/>\n<meta property=\"og:url\" content=\"https:\/\/hotmilk.com.br\/toolbox\/contato\/\" \/>\n<meta property=\"og:site_name\" content=\"Innovation Toolbox\" \/>\n<meta property=\"article:modified_time\" content=\"2025-09-04T20:19:13+00:00\" \/>\n<meta name=\"twitter:card\" content=\"summary_large_image\" \/>\n<script type=\"application\/ld+json\" class=\"yoast-schema-graph\">{\"@context\":\"https:\\\/\\\/schema.org\",\"@graph\":[{\"@type\":\"WebPage\",\"@id\":\"https:\\\/\\\/hotmilk.com.br\\\/toolbox\\\/contato\\\/\",\"url\":\"https:\\\/\\\/hotmilk.com.br\\\/toolbox\\\/contato\\\/\",\"name\":\"Contato - Innovation Toolbox\",\"isPartOf\":{\"@id\":\"https:\\\/\\\/hotmilk.com.br\\\/toolbox\\\/#website\"},\"datePublished\":\"2024-08-02T19:53:12+00:00\",\"dateModified\":\"2025-09-04T20:19:13+00:00\",\"description\":\"Entre em contato conosco e descubra como o Innovation Toolbox pode ajudar sua empresa. Fale com nossos especialistas e obtenha suporte personalizado para sua jornada.\",\"breadcrumb\":{\"@id\":\"https:\\\/\\\/hotmilk.com.br\\\/toolbox\\\/contato\\\/#breadcrumb\"},\"inLanguage\":\"pt-BR\",\"potentialAction\":[{\"@type\":\"ReadAction\",\"target\":[\"https:\\\/\\\/hotmilk.com.br\\\/toolbox\\\/contato\\\/\"]}]},{\"@type\":\"BreadcrumbList\",\"@id\":\"https:\\\/\\\/hotmilk.com.br\\\/toolbox\\\/contato\\\/#breadcrumb\",\"itemListElement\":[{\"@type\":\"ListItem\",\"position\":1,\"name\":\"In\u00edcio\",\"item\":\"https:\\\/\\\/hotmilk.com.br\\\/toolbox\\\/\"},{\"@type\":\"ListItem\",\"position\":2,\"name\":\"Contato\"}]},{\"@type\":\"WebSite\",\"@id\":\"https:\\\/\\\/hotmilk.com.br\\\/toolbox\\\/#website\",\"url\":\"https:\\\/\\\/hotmilk.com.br\\\/toolbox\\\/\",\"name\":\"Innovation Toolbox\",\"description\":\"M\u00e9todos e ferramentas gratuitas de inova\u00e7\u00e3o com a curadoria do HOTMILK PUCPR\",\"potentialAction\":[{\"@type\":\"SearchAction\",\"target\":{\"@type\":\"EntryPoint\",\"urlTemplate\":\"https:\\\/\\\/hotmilk.com.br\\\/toolbox\\\/?s={search_term_string}\"},\"query-input\":{\"@type\":\"PropertyValueSpecification\",\"valueRequired\":true,\"valueName\":\"search_term_string\"}}],\"inLanguage\":\"pt-BR\"}]}<\/script>\n<!-- \/ Yoast SEO plugin. -->","yoast_head_json":{"title":"Contato - Innovation Toolbox","description":"Entre em contato conosco e descubra como o Innovation Toolbox pode ajudar sua empresa. Fale com nossos especialistas e obtenha suporte personalizado para sua jornada.","robots":{"index":"index","follow":"follow","max-snippet":"max-snippet:-1","max-image-preview":"max-image-preview:large","max-video-preview":"max-video-preview:-1"},"canonical":"https:\/\/hotmilk.com.br\/toolbox\/contato\/","og_locale":"pt_BR","og_type":"article","og_title":"Contato - Innovation Toolbox","og_description":"Entre em contato conosco e descubra como o Innovation Toolbox pode ajudar sua empresa. Fale com nossos especialistas e obtenha suporte personalizado para sua jornada.","og_url":"https:\/\/hotmilk.com.br\/toolbox\/contato\/","og_site_name":"Innovation Toolbox","article_modified_time":"2025-09-04T20:19:13+00:00","twitter_card":"summary_large_image","schema":{"@context":"https:\/\/schema.org","@graph":[{"@type":"WebPage","@id":"https:\/\/hotmilk.com.br\/toolbox\/contato\/","url":"https:\/\/hotmilk.com.br\/toolbox\/contato\/","name":"Contato - Innovation Toolbox","isPartOf":{"@id":"https:\/\/hotmilk.com.br\/toolbox\/#website"},"datePublished":"2024-08-02T19:53:12+00:00","dateModified":"2025-09-04T20:19:13+00:00","description":"Entre em contato conosco e descubra como o Innovation Toolbox pode ajudar sua empresa. Fale com nossos especialistas e obtenha suporte personalizado para sua jornada.","breadcrumb":{"@id":"https:\/\/hotmilk.com.br\/toolbox\/contato\/#breadcrumb"},"inLanguage":"pt-BR","potentialAction":[{"@type":"ReadAction","target":["https:\/\/hotmilk.com.br\/toolbox\/contato\/"]}]},{"@type":"BreadcrumbList","@id":"https:\/\/hotmilk.com.br\/toolbox\/contato\/#breadcrumb","itemListElement":[{"@type":"ListItem","position":1,"name":"In\u00edcio","item":"https:\/\/hotmilk.com.br\/toolbox\/"},{"@type":"ListItem","position":2,"name":"Contato"}]},{"@type":"WebSite","@id":"https:\/\/hotmilk.com.br\/toolbox\/#website","url":"https:\/\/hotmilk.com.br\/toolbox\/","name":"Innovation Toolbox","description":"M\u00e9todos e ferramentas gratuitas de inova\u00e7\u00e3o com a curadoria do HOTMILK PUCPR","potentialAction":[{"@type":"SearchAction","target":{"@type":"EntryPoint","urlTemplate":"https:\/\/hotmilk.com.br\/toolbox\/?s={search_term_string}"},"query-input":{"@type":"PropertyValueSpecification","valueRequired":true,"valueName":"search_term_string"}}],"inLanguage":"pt-BR"}]}},"_links":{"self":[{"href":"https:\/\/hotmilk.com.br\/toolbox\/wp-json\/wp\/v2\/pages\/1267","targetHints":{"allow":["GET"]}}],"collection":[{"href":"https:\/\/hotmilk.com.br\/toolbox\/wp-json\/wp\/v2\/pages"}],"about":[{"href":"https:\/\/hotmilk.com.br\/toolbox\/wp-json\/wp\/v2\/types\/page"}],"author":[{"embeddable":true,"href":"https:\/\/hotmilk.com.br\/toolbox\/wp-json\/wp\/v2\/users\/2"}],"replies":[{"embeddable":true,"href":"https:\/\/hotmilk.com.br\/toolbox\/wp-json\/wp\/v2\/comments?post=1267"}],"version-history":[{"count":8,"href":"https:\/\/hotmilk.com.br\/toolbox\/wp-json\/wp\/v2\/pages\/1267\/revisions"}],"predecessor-version":[{"id":1661,"href":"https:\/\/hotmilk.com.br\/toolbox\/wp-json\/wp\/v2\/pages\/1267\/revisions\/1661"}],"wp:attachment":[{"href":"https:\/\/hotmilk.com.br\/toolbox\/wp-json\/wp\/v2\/media?parent=1267"}],"curies":[{"name":"wp","href":"https:\/\/api.w.org\/{rel}","templated":true}]}}